+ (-209)/d.
2, 3, 7
Let t(r) = 2*r**2 - r + 3. Let u be 0*2*2/12. Let j be t(u). Let f(l) = 6*l + 4. What are the prime factors of f(j)?
2, 11
Suppose 5*s = -4 - 16, -3*c - 4*s + 5135 = 0. List the prime factors of c.
17, 101
Suppose -z + 113*j - 108*j = -450, 886 = 2*z + 4*j. List the prime factors of z.
5, 89
Let k be (-8)/10*15/(-2). Let c = -5 - k. Let t(s) = -s**2 - 11*s + 14. What are the prime factors of t(c)?
2, 7
Suppose 0 = -p, 2*s = 4*p + 88 + 50. What are the prime factors of s?
3, 23
Let f(c) = c**2 + 34*c - 317. What are the prime factors of f(35)?
2, 1049
Suppose 15*m - 14*m = 353. List the prime factors of m.
353
Suppose 0 = 3*k - 2766 - 3399. What are the prime factors of k?
3, 5, 137
Let u(l) = l**3 + 13*l**2 - 14*l - 9. Let t be ((-51)/3 + 3)/1. Let x be u(t). Let k(s) = -2*s - 15. List the prime factors of k(x).
3
Let c(w) = -w**3 - 6*w**2 - 6*w - 1. Let r be c(-5). Suppose -r*j = 5*h - 86, 3*h - 5*j - 59 = -0*h. List the prime factors of h + (1 - 1) + 1.
19
Let w(x) = 48*x + 8. Let a be w(4). Suppose -5*h = 2*q - a, 0 = -h + 3*q + 2*q + 40. What are the prime factors of ((-3)/(-2))/(5/h)?
2, 3
Let k = -1506 + 2734. What are the prime factors of k?
2, 307
Let g be 2/(-4) - (-1852)/8. Suppose -54*f - 15 = -59*f. Suppose 0 = -4*r - 5*s + g, 52 = f*r - s - 107. What are the prime factors of r?
2, 3
Let d(b) be the first derivative of b**2 - 8*b + 4. Let h be d(6). Suppose -3*i + 4*m = -124, 3*i + 0*m = -h*m + 164. What are the prime factors of i?
2, 3
Suppose 0 = -14*m + 2417 - 149. List the prime factors of m.
2, 3
Suppose -2*m = -8, 4*c + 4*m - 3*m = 124. Let t = 28 - c. Let l(n) = -5*n**3 + n**2 - 2*n - 3. What are the prime factors of l(t)?
3, 5
Let p be ((428 + 4)/2)/(3 - 2). Suppose -4*a - p = -2*s - a, s + 5*a - 95 = 0. What are the prime factors of s?
3, 5, 7
Let r be (-10)/45 - 5*(-12)/27. Suppose -2 = -i, 2*c + r*c + 3*i = 158. List the prime factors of c.
2, 19
List the prime factors of (-12 - (-12240)/75) + 1/(-5).
151
List the prime factors of 563 - ((-64)/32)/((-2)/(-5)).
2, 71
Let r = 1 - -1. List the prime factors of ((-16)/32)/(r/(-692)).
173
Suppose -3*o + 15 = 0, l + 5*o + 0*o - 29 = 0. Suppose -5*z + 594 = l*z. What are the prime factors of z?
2, 3, 11
Let m(v) = 3661*v**2 + 30*v - 31. List the prime factors of m(1).
2, 3, 5, 61
Let b(t) = -t**3 + 16*t**2 - 29*t + 17. Let o be b(14). Suppose 3*m - 25 = 4*i, 5*m - i + o*i = 7. List the prime factors of m.
3
Let f = -13 - -14. Let o(s) = 67*s + 1. List the prime factors of o(f).
2, 17
Let y(f) = -9*f - 17. Suppose 3*p + 17 = 5. What are the prime factors of y(p)?
19
Let m = -60 - -36. Let z be (-40)/m + (-2)/(-6). Suppose 2*k = 5*q + 12 + 23, 0 = -z*q + 6. What are the prime factors of k?
5
Let v be 5/4 + 1/(-4). Let y(n) = 2*n**2 + 3*n + v + 0*n**2 - 1. What are the prime factors of y(-4)?
2, 5
Suppose 2*c - 5*s - 1100 = 0, -s + 1637 = 3*c - 2*s. What are the prime factors of c?
5, 109
Let f(p) = p**2 - 7*p + 14. Let t be f(3). Suppose 0 = -4*w + 2*z + 244, t*z = 2*w + w - 183. List the prime factors of w.
61
Suppose 4*c + 3*v = 27, 0*c - 5*c = -4*v + 5. Let z be 1/c - 126/(-27). Suppose -z*d + 75 = 5*n, n = 4 + 1. What are the prime factors of d?
2, 5
Suppose 40 = 4*f - 0. Suppose -2*s + f = -0*s. Suppose 7 = 5*l + 3*o, -5*o + s = 5*l - 0*l. List the prime factors of l.
2
Suppose -2*c - 4273 - 5379 = -5*u, 0 = 3*u + 2*c - 5804. List the prime factors of u.
2, 3, 7, 23
Suppose 0 = v + 2*f + 2, f + 5 = -v - 2*f. Let x(i) = i**3 - 51 - i**2 - v*i**2 - 6*i + 42. List the prime factors of x(7).
47
Suppose -2*b - 406 = -5*g, -g - 5*b + 45 = -47. Suppose -5*o + 5*v - 255 = 0, 3*o - 2*o + 48 = 2*v. Let t = g + o. List the prime factors of t.
2, 7
Suppose -34*b + 8*b = -3432. What are the prime factors of b?
2, 3, 11
Let a(q) = q**2 - 11. Let o be a(-3). List the prime factors of 1 - (-23)/1 - (1 + o).
5
Suppose 0*n - 14 = 5*n + 2*v, 2*n = -5*v + 7. List the prime factors of 50 + n/((-16)/(-4)).
7
Let u(l) = -44*l**3 + l**2 - 3*l + 2. Let g be u(-3). Suppose 4*o - 3*h - 955 = 0, -6*o - h + g = -o. What are the prime factors of o?
241
Let u = -170 + 170. Let i = 15 + -9. Suppose p = -4*x + 32, u = x - i*x - 2*p + 37. List the prime factors of x.
3
Suppose 19*w - 1771 = 6190. List the prime factors of w.
419
Let q be (-19)/(-6) + (20/24)/(-5). List the prime factors of (-4)/(1*q/(-21)).
2, 7
Let p be 45/75 - (-34)/10. Suppose -6*x + p*t + 40 = -2*x, -3*t = 2*x - 20. What are the prime factors of x?
2, 5
Let k = 12 + -9. Let y(f) = -18*f**3 + 19*f**3 - k*f**2 - 3*f**2 + 2 + 7*f. What are the prime factors of y(5)?
2, 3
Let q be (-6)/33 - (-112)/11. Let u be (4/q)/(3/30). Suppose 2*s + b = 3*b, 3*s - 35 = -u*b. What are the prime factors of s?
5
Suppose -5*p + 2159 = m, 5*p + 2*m - 2331 + 173 = 0. List the prime factors of p.
2, 3
Suppose 132 = 4*a - 0. Suppose a = -2*r + 5*r. Let y(w) = w**2 - 9*w. What are the prime factors of y(r)?
2, 11
Let d(b) = b**2 - 1. Let z(h) = h**3 + 4*h**2 - 4. Let f(s) = -4*d(s) + z(s). Let u be f(1). What are the prime factors of u/(-4) + (-69)/(-4)?
17
Let f be 66/77 - (-1)/7. Let g be ((-1)/1)/(f/2). Let s(l) = -l**2 - 5*l - 2. What are the prime factors of s(g)?
2
List the prime factors of 1283 - (-14)/(-21)*(-60)/8.
2, 7, 23
Let a(u) = 9*u**2 + 10*u - 73. List the prime factors of a(5).
2, 101
Suppose 3*k - 5*r = 8424, -397*r + 8403 = 3*k - 395*r. What are the prime factors of k?
2803
Let d(x) = -x**3 + 14*x**2 + 16*x - 3. Let h be d(15). Suppose -5*r - 63 = -h*r. What are the prime factors of r?
3
What are the prime factors of -52*1/1*(-180)/3?
2, 3, 5, 13
Let x(t) = 3*t**3 - 6*t**2 + 16*t - 21. List the prime factors of x(6).
3, 13
Let x(b) = 2*b**2 - 2*b - 24. What are the prime factors of x(10)?
2, 3, 13
Suppose -4*w - 2590 = -b - 12900, 5*b = -3*w + 7744. What are the prime factors of w?
2, 1289
Let z = 69 - 64. Let u = 8 - 5. List the prime factors of 18 + (u - 1 - z).
3, 5
Suppose -z + 6 = 4, -2*z = -2*q + 816. What are the prime factors of q?
2, 5, 41
Suppose 647*m - 641*m - 2484 = 0. List the prime factors of m.
2, 3, 23
Let i be (1 + -3)*6/(-3). Let r = i - -3. Let x(c) = -c**2 + 10*c - 1. List the prime factors of x(r).
2, 5
Let j be (13/(-26))/(((-5)/(-24))/(-5)). Suppose 7*g - j*g + 600 = -5*b, -4*g + 477 = -5*b. What are the prime factors of g?
3, 41
Suppose x - 23 = -15. List the prime factors of 4 + (-43)/(-4) + 2/x.
3, 5
Let j(h) = h**3 - 5*h**3 - h + 5*h**2 + 3 - 3*h**2 + 5*h**3. What are the prime factors of j(2)?
17
Let n(w) = -w**3 - 4*w**2 - 13*w - 8. Let y be n(-6). Suppose -3*m = -4*r - y, -2*m - 4*r - 58 = -3*m. What are the prime factors of m?
2, 3, 7
Suppose 12 + 4 = 4*r, -d - r + 2847 = 0. What are the prime factors of d?
2843
Let m(w) = -182*w - 223. List the prime factors of m(-5).
3, 229
Suppose 3*m + m - 24 = 0. Let v(j) = 7 - m*j + 3 - 1. What are the prime factors of v(-4)?
3, 11
Let u = -64 + 114. Suppose 4*h + u = -b + 3*b, 5*b + 5*h = 50. What are the prime factors of b?
3, 5
Let r be (-590)/6*360/(-300). Let t be 1632/(-21) - (-2)/(-7). Let v = t + r. List the prime factors of v.
2, 5
Suppose 4*f = -f + 15. Suppose -f*o + o = -146. Suppose 7 + o = 4*b. List the prime factors of b.
2, 5
Suppose -6*t = -8*t - 60. Let f = t - -95. What are the prime factors of f?
5, 13
Suppose -7*v + 2*v = 3*t - 24, 5*v - t = 12. Suppose v*a - 112 = 38. What are the prime factors of a?
2, 5
Suppose j - 15 = -2*j. Suppose 0*l + l - 7 = -j*u, -3*l = -2*u - 4. Suppose 70 = 5*k - g, -k - l*g + 6 - 3 = 0. What are the prime factors of k?
13
Let t(y) = y**3 + 19*y**2 + 2*y - 17. What are the prime factors of t(-12)?
967
Let d(m) = 9*m**2 - 8*m - 5. List the prime factors of d(-2).
47
Let u = 403 + 280. What are the prime factors of u?
683
Let x = 1036 - 598. List the prime factors of x.
2, 3, 73
Suppose 0 = 4*v - 4*d + 4, 0 = -5*v + 3*d - 0*d - 1. Let w(q) = 2 + 2*q - v - 3 + 3. List the prime factors of w(6).
13
Suppose -3*u + 52*t = 57*t - 10108, -3*t + 3368 = u. List the prime factors of u.
3371
Let d be -1 - (2 + -5 - -2). Suppose 4 = -t, d = 5*n + 2*t - 5*t - 27. Let g(m) = m + 4. What are the prime factors of g(n)?
7
Let x = -37 - -37. Suppose 174 = 4*v - 5*m, x*m + 3*m - 35 = -v. What are the prime factors of v